ue
Is 108 a factor of 665280?
True
Is 10 a factor of 422071?
False
Does 6 divide 398357?
False
Is 69 a factor of 3092097?
True
Does 1019 divide 4570932?
False
Does 9 divide 1425515?
False
Does 17 divide 39066?
True
Does 8 divide 1551076?
False
Is 2 a factor of 17578?
True
Is 7 a factor of 417878?
False
Is 75667 a multiple of 60?
False
Is 4 a factor of 1651751?
False
Is 644 a factor of 990074?
False
Does 403 divide 1709929?
True
Is 2315903 a multiple of 1370?
False
Does 1956 divide 6634752?
True
Is 118113 even?
False
Is 423178 a multiple of 44?
False
Is 234725 a multiple of 25?
True
Does 24 divide 377032?
False
Is 388470 a multiple of 138?
True
Is 12 a factor of 1247976?
True
Is 21 a factor of 848895?
False
Is 312 a factor of 4763541?
False
Is 5550116 a multiple of 124?
True
Is 145 a factor of 658899?
False
Is 13 a factor of 720759?
True
Does 46 divide 8779749?
False
Does 24 divide 1240344?
True
Is 620367 a multiple of 10?
False
Does 62 divide 139748?
True
Is 19 a factor of 1383732?
True
Is 12 a factor of 368472?
True
Does 55 divide 269298?
False
Does 36 divide 37037?
False
Is 12345 a multiple of 59?
False
Is 231428 a multiple of 122?
False
Is 364 a factor of 3832248?
False
Is 21797 a multiple of 3?
False
Does 345 divide 1073415?
False
Is 644190 a multiple of 591?
True
Does 10 divide 25983422?
False
Does 36 divide 43286?
False
Is 452198 a multiple of 74?
False
Is 195126 a multiple of 34?
True
Is 277025 a multiple of 175?
True
Is 23858730 a multiple of 194?
False
Is 789121 a multiple of 575?
False
Is 111415 a multiple of 80?
False
Does 2 divide 20238?
True
Is 835 a factor of 1174019?
False
Does 37 divide 538202?
True
Does 6 divide 71937?
False
Is 344 a factor of 827287?
False
Is 2115702 a multiple of 91?
False
Is 43 a factor of 673767?
True
Does 26 divide 106095?
False
Is 41 a factor of 6054716?
True
Is 334253 a multiple of 31?
False
Is 161366 a multiple of 35?
False
Is 20 a factor of 3080135?
False
Does 4 divide 202361?
False
Is 22081 a multiple of 23?
False
Is 35 a factor of 1470229?
False
Is 24694691 a multiple of 41?
False
Is 74 a factor of 2843154?
True
Does 338 divide 1014?
True
Is 289853 a multiple of 32?
False
Is 1321922 a multiple of 41?
True
Is 306 a factor of 1887714?
True
Does 169 divide 67334?
False
Is 25 a factor of 77450?
True
Is 1335105 a multiple of 45?
True
Does 246 divide 7999920?
True
Is 22927 a multiple of 227?
True
Is 118182 a multiple of 10?
False
Is 954795 a multiple of 795?
True
Is 225 a factor of 3168000?
True
Is 1130829 a multiple of 9?
False
Does 1384 divide 9127290?
False
Is 9 a factor of 11961?
True
Is 5859913 a multiple of 979?
False
Is 530 a factor of 3282322?
False
Is 3186040 a multiple of 19?
False
Does 144 divide 48436?
False
Does 35 divide 4017825?
True
Is 116 a factor of 51620?
True
Is 423029 a multiple of 55?
False
Is 5595615 a multiple of 19?
False
Is 27771 a multiple of 3?
True
Does 4 divide 10267?
False
Does 129 divide 126420?
True
Is 74340 a multiple of 59?
True
Is 8839702 a multiple of 60?
False
Does 501 divide 1155703?
False
Is 9300 a multiple of 7?
False
Does 4 divide 1101704?
True
Is 7873008 a multiple of 104?
True
Is 129512 a multiple of 807?
False
Is 4 a factor of 102435?
False
Is 123714 a multiple of 54?
True
Does 119 divide 7140?
True
Is 75 a factor of 360460?
False
Does 395 divide 7444170?
True
Does 601 divide 2848740?
True
Does 18 divide 1116?
True
Is 10 a factor of 3153410?
True
Is 78 a factor of 306384?
True
Is 346 a factor of 192055?
False
Does 7 divide 1117708?
False
Does 129 divide 2361087?
True
Does 74 divide 173012?
True
Is 226138 a multiple of 162?
False
Is 204268 a multiple of 229?
True
Does 240 divide 203493?
False
Is 27 a factor of 6048?
True
Does 48 divide 204384?
True
Does 72 divide 455522?
False
Does 400 divide 651200?
True
Is 487825 a multiple of 79?
True
Is 1463421 a multiple of 167?
True
Is 25 a factor of 72923?
False
Is 320020 a multiple of 164?
False
Is 1079750 a multiple of 50?
True
Is 4715184 a multiple of 24?
True
Is 4032980 a multiple of 7?
True
Does 4 divide 15108?
True
Is 203 a factor of 288818?
False
Does 24 divide 9133776?
True
Is 1572600 a multiple of 30?
True
Is 123805 a multiple of 116?
False
Is 77160 a multiple of 4?
True
Is 228 a factor of 671004?
True
Is 98542 a multiple of 104?
False
Does 4 divide 272154?
False
Is 13 a factor of 2325765?
True
Is 242914 a multiple of 15?
False
Does 33 divide 29601?
True
Is 224812 a multiple of 518?
True
Is 537192 a multiple of 829?
True
Is 74 a factor of 4411288?
True
Is 120 a factor of 191040?
True
Is 58 a factor of 30740?
True
Is 71 a factor of 811530?
True
Is 45364 a multiple of 4?
True
Is 797 a factor of 5034649?
True
Is 2784260 a multiple of 85?
True
Is 6 a factor of 203577?
False
Is 122 a factor of 2178066?
True
Does 151 divide 126840?
True
Is 313076 a multiple of 213?
False
Is 15 a factor of 1470330?
True
Is 3919407 a multiple of 13?
False
Is 1733987 a multiple of 48?
False
Does 10 divide 90880?
True
Does 167 divide 295948?
False
Is 15388 a multiple of 8?
False
Is 1420497 a multiple of 213?
True
Does 50 divide 7311600?
True
Is 46 a factor of 1231466?
True
Is 63 a factor of 609940?
False
Is 107520 a multiple of 10?
True
Does 59 divide 1625332?
True
Is 10 a factor of 27324?
False
Does 23 divide 3767699?
True
Is 283 a factor of 6574939?
True
Is 16 a factor of 188886?
False
Does 6 divide 2810411?
False
Does 87 divide 2778621?
False
Is 30 a factor of 10210?
False
Does 97 divide 32468?
False
Is 27 a factor of 45495?
True
Is 21 a factor of 4989228?
False
Does 270 divide 1454476?
False
Is 721 a factor of 20788593?
True
Does 49 divide 15276867?
False
Is 14 a factor of 937762?
True
Is 2 a factor of 268?
True
Is 665 a factor of 7529795?
True
Is 14688120 a multiple of 60?
True
Is 43 a factor of 229999?
False
Is 253696 a multiple of 16?
True
Is 444623 a multiple of 116?
False
Is 16 a factor of 3082005?
False
Does 420 divide 436380?
True
Is 447006 a multiple of 356?
False
Is 65 a factor of 120185?
True
Is 132 a factor of 2450316?
True
Is 28014 a multiple of 203?
True
Does 16 divide 158?
False
Does 16 divide 3368640?
True
Is 42 a factor of 177643?
False
Is 8139600 a multiple of 238?
True
Does 310 divide 895255?
False
Does 19 divide 648493?
False
Is 484 a factor of 17283640?
True
Is 29 a factor of 212713?
False
Does 599 divide 2401990?
True
Is 151840 a multiple of 13?
True
Is 209 a factor of 72314?
True
Is 97 a factor of 8960957?
True
Is 10 a factor of 436210?
True
Is 3 a factor of 1020?
True
Is 5 a factor of 686135?
True
Does 22 divide 97774?
False
Is 1640 a factor of 6341093?
False
Is 47424 a multiple of 48?
True
Is 769950 a multiple of 145?
True
Does 89 divide 264775?
True
Is 90 a factor of 750330?
True
Is 30 a factor of 12827?
False
Does 15 divide 34383?
False
Is 1644726 a multiple of 14?
False
Is 1505 a factor of 17698800?
True
Does 78 divide 161635?
False
Is 202446 a multiple of 163?
True
Is 70 a factor of 10010?
True
Does 18 divide 9011376?
True
Does 220 divide 263152?
False
Is 4244749 a multiple of 27?
False
Is 129942 a multiple of 37?
False
Does 351 divide 1121750?
False
Is 8 a factor of 32648?
True
Does 90 divide 996872?
False
Does 16 divide 3882384?
True
Does 14 divide 32224654?
True
Is 316 a factor of 595790?
False
Is 758 a factor of 6690108?
True
Is 20 a factor of 198732?
False
Is 6695107 a multiple of 208?
False
Is 544972 a multiple of 4?
True
Does 44 divide 1620085?
False
Does 113 divide 145318?
True
Does 961 divide 2283540?
False
Does 242 divide 4284?
False
Is 8975 a multiple of 25?
True
Does 5 divide 238595?
True
Does 13 divide 22660?
False
Is 1827001 a multiple of 8?
False
Does 221 divide 9158?
False
Is 1039 a factor of 482340?
False
Is 5 a factor of 96674?
False
Does 27 divide 279827?
False
Is 186975 a multiple of 343?
False
Does 227 divide 3864448?
True
Does 24 divide 1093027?
False
Does 8 divide 39088?
True
Is 2353785 a multiple of 609?
True
Is 26 a factor of 1769493?
False
Does 464 divide 1577160?
False
Is 2091347 a multiple of 341?
False
Does 818 divide 3122723?
False
Does 17 divide 57552?
False
Is 12 a factor of 139238?
False
Does 164 divide 2327652?
True
Does 19 divide 42004?
False
Is 7 a factor of 22563?
False
Is 1305 a factor of 12792585?
False
Is 60707 a multiple of 20?
False
Is 396 a factor of 877140?
Tr